 = 0. Calculate the highest common divisor of x and h.
12
Let o(y) = y + 12. Let j be o(-8). Let v(m) = -m**3 + 2*m**2 + 3. Let z be v(3). Let h be 3*(-4)/j*z. What is the highest common factor of h and 36?
18
Suppose 1739*p = 1744*p + 2*b - 1717, -b = p - 344. Let g = 20 - 13. Calculate the highest common divisor of g and p.
7
Let r(i) = 11*i + 76. Let n be r(-7). Let b = 14 + n. Calculate the greatest common factor of 416 and b.
13
Let z = 943 + -682. What is the highest common factor of z and 72?
9
Let p = 8737 - 8569. What is the greatest common divisor of 9912 and p?
168
Suppose -1711 = -228*b + 222*b + 515. What is the highest common factor of 112 and b?
7
Suppose 43*o + 222 = 46*o. Suppose 2*j = -i - 0*i - 94, 5*i - 70 = 2*j. Let v = o + j. Calculate the greatest common divisor of v and 87.
29
Suppose -77*d + 162 = -112 - 342. What is the highest common divisor of d and 1094?
2
Let u be 36/14*(40/15 - -2). Let c = u - -54. Calculate the greatest common factor of c and 231.
33
Let u(q) be the third derivative of -q**4/24 + 25*q**3/6 + 14*q**2. Let s be u(15). Let j be (s/4)/(6/72). Calculate the greatest common factor of 6 and j.
6
Let k(p) = 1028*p - 1020. Let i be k(1). Calculate the greatest common divisor of 2324 and i.
4
Suppose 18 = -3*z, -64*y - z - 66 = -69*y. Calculate the greatest common divisor of y and 702.
6
Let m(v) = -v**3 + 32*v**2 + 77*v - 2380. Let g be m(32). Suppose -92 - 148 = -5*l. Calculate the highest common divisor of l and g.
12
Suppose 0 = 3*w + h - 3452, 5*h = 4*w - 1891 - 2737. What is the highest common factor of w and 128?
128
Let c be (2/4)/((-14)/(-84)). Suppose u - 4*y = 2, 14 = -2*u + c*u + 2*y. Calculate the highest common divisor of u and 8.
2
Let y be (126/(-105))/(2/(-10)). Let f(q) = q + 6. Let c be f(y). What is the greatest common divisor of 22 and c?
2
Suppose -j + 7*s = 2*s - 29, -j - s = 1. Suppose -87 = -j*d - x + 41, 3*x - 32 = -d. Calculate the greatest common factor of d and 416.
32
Let l(v) = 3*v**2 + 75*v - 1455. Let o be l(-38). What is the highest common divisor of 36 and o?
9
Suppose -6*v = -4*v + g - 1, 3*g - 3 = 3*v. Suppose v = 10*m + 3*m - 286. Let l = 524 + -326. What is the highest common divisor of m and l?
22
Suppose 0 = -p - 5*d + 2608 + 1721, 17*p = 2*d + 72984. What is the greatest common factor of p and 1130?
226
Let j = 3316 + -3307. What is the highest common divisor of 48 and j?
3
Let p(u) = u**3 - 3*u**2 - 8*u + 5. Let n be p(6). Suppose -4*x - 40 = 24. Let d be (2 + 8/x)*104/6. What is the highest common divisor of d and n?
13
Suppose -332*k - 1120 = -364*k. What is the greatest common factor of k and 2905?
35
Let l = -22 + 27. Suppose -l*b + 3*n + 204 = 0, 13*b - 15*b - 4*n + 92 = 0. Calculate the highest common factor of 6 and b.
6
Suppose 5*p + 15 = -20. Let u be (p + (-924)/(-20))*10. What is the highest common factor of u and 14?
14
Let h = -506 + 1725. What is the greatest common factor of h and 46?
23
Suppose 0 = -5*l + 76 - 266. Let f = l - -115. Let o = -47 + 58. What is the highest common factor of o and f?
11
Let x = -1347 + 1469. Calculate the greatest common factor of 122 and x.
122
Let r = 63 + -56. Suppose r*q + 10 = 12*q. Suppose 891 = q*x + x. Calculate the greatest common divisor of x and 27.
27
Suppose -q - 38 = -20*q. Suppose 5*v = -6*b + q*b + 420, 3*b - 296 = v. What is the highest common divisor of 4 and b?
4
Let a(y) = 12*y**3 - 8*y**2 - 37*y + 196. Let c be a(8). What is the greatest common factor of 12 and c?
12
Suppose 0 = -5*i + 5*p + 30, 2*i + p + 6 - 15 = 0. Let x = 119 - 63. Suppose -5*t = -12 + 2, 0 = -s + i*t + x. What is the greatest common divisor of 6 and s?
6
Let p(o) = -o**2 + 20*o + 81. Let l = 130 + -109. Let f be p(l). What is the highest common factor of 5 and f?
5
Let b be (8 + 64)/(-8) + 16 - -3175. Calculate the greatest common divisor of b and 344.
86
Suppose 36*z - 727389 - 349731 = 0. Suppose 17*n = -3*n + z. What is the highest common factor of n and 68?
68
Suppose 5*f - 799 = -g, -656 = -6*f + 2*f + 2*g. Calculate the highest common divisor of f and 3473.
23
Suppose -32*w = -708 - 348. Let d(n) = 9*n + 93. Let s be d(w). What is the greatest common factor of 65 and s?
65
Let w(l) = l**3 - 5*l**2 + 6*l + 3. Let o be w(8). Let y(g) = -g**3 + 35*g**2 - 216*g + 27. Let j be y(27). Calculate the greatest common factor of j and o.
27
Let v(l) = -19*l + 1008. Let d be v(-21). Calculate the greatest common factor of 105 and d.
21
Suppose -4*n + 29 = -187. Let o = -24 + n. Suppose 2*m = -4*l + 70, -3*l - 3*m + 31 = -14. Calculate the highest common factor of o and l.
10
Let z(k) = -4*k**2 - 33*k - 3. Let c be z(-3). Suppose 5*p + 4*i - 110 = 282, -402 = -5*p + i. What is the highest common divisor of p and c?
20
Suppose 169*p - n = 164*p + 804, 0 = -3*n + 18. What is the greatest common divisor of p and 6?
6
Let x = 0 - -7. Suppose x*s + 7 = -7. Let g be (s - -1) + (54 - -11). Calculate the greatest common divisor of 96 and g.
32
Suppose 64*g + 112167 = 163*g. Calculate the highest common factor of g and 110.
11
Let c(o) = -2*o + 11. Suppose 4 = 18*m - 17*m. Suppose -m*p - 8 = -28. Let g be c(p). Calculate the highest common factor of 3 and g.
1
Suppose 34*o - 30*o = -20*o + 45888. What is the highest common factor of o and 16?
8
Suppose -117*t + 26220 = -43395. What is the greatest common divisor of 357 and t?
119
Let p(i) = -7*i**3 - 8*i**2 + 100*i + 1101. Let k be p(-11). What is the highest common divisor of 501 and k?
167
Let t = -1519 + 1882. What is the highest common factor of t and 231?
33
Let s(v) = -67*v + 505. Let l(g) = -13*g + 101. Let f(a) = 11*l(a) - 2*s(a). Let w be f(9). What is the highest common divisor of 10 and w?
10
Let y = 18 + 1. Let x be 2/(-4) - 377/(-58) - -1313. Suppose -9587 - x = -82*q. What is the greatest common divisor of y and q?
19
Let d = 5806 + -5780. What is the greatest common factor of d and 923?
13
Let p(u) = -u**3 - 18*u**2 + 19*u + 237. Let q be p(-23). What is the highest common divisor of 60 and q?
15
Let y = -218221 + 218236. Suppose 0*d = -u - 2*d - 12, d = u + 15. Let j be 3*(-4)/6 - u. What is the highest common factor of j and y?
3
Let a(l) = 4*l**2 - 24*l - 2870. Let q be a(-57). Calculate the greatest common divisor of 70 and q.
14
Suppose 54002 + 83299 - 29817 = 26*w. Calculate the greatest common factor of w and 39.
39
Let i(f) = 15*f**3 - 2*f**2 + 16*f - 2. Let w be i(4). Suppose w = -s + 2809. Calculate the greatest common divisor of 17 and s.
17
Let d be (4/3)/((-27)/81). Let z be 25*((-34)/10 - d). What is the greatest common factor of z and 3?
3
Let h(s) = 6 + 4*s**2 + 4*s**2 + 12*s**2 + 6*s - 9*s - 14*s**2. Let g be h(6). Suppose -153 = -3*z - 0. What is the highest common factor of z and g?
51
Let x(l) be the first derivative of l**3/3 + 5*l**2/2 - 72*l + 104. Let n be x(-13). Calculate the greatest common factor of n and 496.
16
Let k(w) = 31*w + 2. Let m be k(0). Suppose m*y - 3*a - 14 = 58, 2*a = -2*y + 52. What is the greatest common factor of y and 510?
30
Let b = 78 - 8. Let g be (-28)/112 + (-521)/(-4). Suppose 0 = 54*s - 41*s - g. Calculate the greatest common divisor of b and s.
10
Suppose n - 213 = 4*n. Let w = n + 79. Suppose 1110 = w*g + 318. What is the highest common divisor of g and 33?
33
Suppose -4*u = -8*u + 232. Suppose 2*r - 65 = -3*k, 2*k - u + 23 = -r. Suppose 0 = -5*i + 50 + r. Calculate the greatest common factor of i and 35.
5
Suppose -35*u + 328*u = 169914 + 155316. What is the greatest common factor of 9102 and u?
222
Let k = -3237 - -3241. Calculate the greatest common factor of 1468 and k.
4
Let y(r) = -2*r + 70. Let k be y(19). Suppose -k*d + 31*d = -35. Suppose 0*h = 3*s - 4*h + 1, 4*s - 16 = h. Calculate the highest common divisor of s and d.
5
Let m = 2874 + -2824. What is the greatest common factor of 2525 and m?
25
Suppose -3*r + 2*r + 42 = 0. Let u = 15372 - 15316. Calculate the highest common divisor of u and r.
14
Let x(z) = -8*z + 21. Let t be 12/14 - 2*(-2)/28. Let m(y) = -y. Let l(c) = t*x(c) - 4*m(c). Let g be l(-7). Calculate the greatest common divisor of 7 and g.
7
Suppose -188 = 11*b - 3917. Let u = -327 + b. Calculate the highest common factor of 51 and u.
3
Suppose 2*y - 334 = 116. Let i be (2 + -7)/(1134/180 - 26/